 millions digit of 311415174?
3
What is the hundred thousands digit of 27517662?
5
What is the hundred thousands digit of 6067475510?
4
What is the ten thousands digit of 128741977?
4
What is the hundred thousands digit of 32809934?
8
What is the tens digit of 160544136?
3
What is the thousands digit of 20478518?
8
What is the tens digit of 247071029?
2
What is the ten thousands digit of 39795906?
9
What is the units digit of 19522256?
6
What is the ten millions digit of 48847958?
4
What is the hundreds digit of 40737618?
6
What is the tens digit of 46309807?
0
What is the tens digit of 277497313?
1
What is the hundred thousands digit of 1488954702?
9
What is the thousands digit of 98617879?
7
What is the tens digit of 63567245?
4
What is the millions digit of 102985809?
2
What is the tens digit of 88140068?
6
What is the thousands digit of 511575131?
5
What is the billions digit of 7937110183?
7
What is the tens digit of 60645887?
8
What is the hundreds digit of 216992433?
4
What is the hundred millions digit of 1316003621?
3
What is the hundred thousands digit of 801481134?
4
What is the hundreds digit of 267700928?
9
What is the hundred thousands digit of 130902211?
9
What is the hundred thousands digit of 19852190?
8
What is the units digit of 11889882?
2
What is the tens digit of 125540954?
5
What is the millions digit of 58921450?
8
What is the millions digit of 748352832?
8
What is the millions digit of 681654308?
1
What is the ten millions digit of 129448314?
2
What is the hundred millions digit of 145443311?
1
What is the ten millions digit of 97773979?
9
What is the tens digit of 384507679?
7
What is the millions digit of 378216050?
8
What is the hundreds digit of 5283037638?
6
What is the ten millions digit of 159957858?
5
What is the ten thousands digit of 145074159?
7
What is the hundred millions digit of 2253163469?
2
What is the ten millions digit of 19832956?
1
What is the thousands digit of 337386719?
6
What is the units digit of 27377395?
5
What is the ten thousands digit of 148332135?
3
What is the hundreds digit of 45138613?
6
What is the hundreds digit of 141349645?
6
What is the hundreds digit of 187076265?
2
What is the hundred thousands digit of 34781440?
7
What is the millions digit of 17695602?
7
What is the ten millions digit of 62178127?
6
What is the tens digit of 860140957?
5
What is the ten thousands digit of 5750228?
5
What is the units digit of 31932778?
8
What is the thousands digit of 282921361?
1
What is the hundred thousands digit of 35882945?
8
What is the units digit of 348707049?
9
What is the units digit of 27364035?
5
What is the millions digit of 311739309?
1
What is the ten millions digit of 284142113?
8
What is the thousands digit of 286155097?
5
What is the hundreds digit of 210915890?
8
What is the ten thousands digit of 464935970?
3
What is the billions digit of 1797546485?
1
What is the ten millions digit of 2411871193?
1
What is the tens digit of 769691328?
2
What is the hundreds digit of 407534839?
8
What is the hundreds digit of 118421322?
3
What is the hundred millions digit of 194632005?
1
What is the millions digit of 30355151?
0
What is the hundred thousands digit of 9408342?
4
What is the hundred thousands digit of 261447301?
4
What is the millions digit of 145542671?
5
What is the units digit of 126431590?
0
What is the millions digit of 134305605?
4
What is the thousands digit of 800472709?
2
What is the units digit of 603810510?
0
What is the tens digit of 3244722724?
2
What is the units digit of 103901023?
3
What is the tens digit of 2349484064?
6
What is the ten millions digit of 27376817?
2
What is the millions digit of 363934480?
3
What is the tens digit of 119323624?
2
What is the millions digit of 7917641?
7
What is the hundred millions digit of 800510042?
8
What is the hundred millions digit of 188795232?
1
What is the ten thousands digit of 19394308?
9
What is the hundred millions digit of 153177916?
1
What is the thousands digit of 10170237?
0
What is the tens digit of 89754299?
9
What is the millions digit of 2342936409?
2
What is the ten millions digit of 186048506?
8
What is the millions digit of 1186083042?
6
What is the ten thousands digit of 4860647829?
4
What is the hundred millions digit of 860726668?
8
What is the hundred thousands digit of 457429060?
4
What is the ten millions digit of 712212254?
1
What is the hundred thousands digit of 411905572?
9
What is the thousands digit of 46662749?
2
What is the billions digit of 1198875880?
1
What is the units digit of 1254018284?
4
What is the units digit of 4178001601?
1
What is the hundred millions digit of 277451397?
2
What is the hundred millions digit of 197510215?
1
What is the tens digit of 3622804?
0
What is the units digit of 4253873548?
8
What is the hundreds digit of 134811605?
6
What is the ten thousands digit of 383734172?
3
What is the thousands digit of 1065479894?
9
What is the ten millions digit of 256023200?
5
What is the ten thousands digit of 170227437?
2
What is the ten thousands digit of 28839964?
3
What is the ten millions digit of 631953886?
3
What is the ten thousands digit of 586357?
8
What is the hundreds digit of 387804739?
7
What is the hundreds digit of 1796301647?
6
What is the tens digit of 573769766?
6
What is the hundreds digit of 198984820?
8
What is the hundred thousands digit of 2834037?
8
What is the ten thousands digit of 1590017389?
1
What is the billions digit of 4652853426?
4
What is the tens digit of 186348998?
9
What is the ten millions digit of 344820922?
4
What is the ten millions digit of 147247042?
4
What is the hundreds digit of 27316575?
5
What is the ten thousands digit of 46822228?
2
What is the thousands digit of 114376840?
6
What is the ten thousands digit of 659103224?
0
What is the thousands digit of 7382444?
2
What is the units digit of 9421199383?
3
What is the millions digit of 114271012?
4
What is the hundred millions digit of 242490380?
2
What is the thousands digit of 8545619?
5
What is the hundred millions digit of 603402924?
6
What is the units digit of 33299303?
3
What is the tens digit of 1443524340?
4
What is the thousands digit of 6078669250?
9
What is the tens digit of 34932731?
3
What is the hundred millions digit of 2160561535?
1
What is the units digit of 3087458915?
5
What is the ten thousands digit of 99149620?
4
What is the hundreds digit of 484037751?
7
What is the tens digit of 1563479532?
3
What is the thousands digit of 629369252?
9
What is the ten thousands digit of 62972867?
7
What is the hundred thousands digit of 200167880?
1
What is the tens digit of 568142592?
9
What is the tens digit of 2198476415?
1
What is the tens digit of 62011376?
7
What is the millions digit of 2432903567?
2
What is the hundreds digit of 2431569187?
1
What is the tens digit of 366048925?
2
What is the hundred thousands digit of 71245634?
2
What is the billions digit of 6578481102?
6
What is the hundred thousands digit of 595150816?
1
What is the millions digit of 178695218?
8
What is the hundreds digit of 3265645226?
2
What is the units digit of 130348168?
8
What is the hundred thousands digit of 142303741?
3
What is the units digit of 40304799?
9
What is the thousands digit of 78352085?
2
What is the ten millions digit of 211060749?
1
What is the hundred thousands digit of 53816146?
8
What is the units digit of 562885676?
6
What is the units digit of 69059206?
6
What is the tens digit of 3786759094?
9
What is the units digit of 240448257?
7
What is the units digit of 257160718?
8
What is the hundred thousands digit of 82363811?
3
What is the units digit of 196289942?
2
What is the ten thousands digit of 3272008224?
0
What is the hundreds digit of 1162421541?
5
What is the hundred thousands digit of 23784371?
7
What is the tens digit of 2807881563?
6
What is the hundreds digit of 100542755?
7
What is the millions digit of 4637502394?
7
What is the tens digit of 2013839792?
9
What is the hundred millions digit of 161453907?
1
What is the hundred thousands digit of 48472995?
4
What is the millions digit of 119811621?
9
What is the hundreds digit of 36193553?
5
What is the millions digit of 1345027858?
5
What is the hundred thousands digit of 5840399794?
3
What is